 of 13954?
9
What is the thousands digit of 9777?
9
What is the tens digit of 15840?
4
What is the tens digit of 298?
9
What is the ten thousands digit of 14216?
1
What is the tens digit of 3138?
3
What is the units digit of 26932?
2
What is the units digit of 1214?
4
What is the hundreds digit of 1875?
8
What is the tens digit of 57660?
6
What is the thousands digit of 2679?
2
What is the ten thousands digit of 13135?
1
What is the hundreds digit of 523?
5
What is the tens digit of 30?
3
What is the units digit of 140?
0
What is the tens digit of 2678?
7
What is the hundreds digit of 14740?
7
What is the ten thousands digit of 17923?
1
What is the hundreds digit of 265?
2
What is the thousands digit of 3408?
3
What is the units digit of 1317?
7
What is the units digit of 2245?
5
What is the thousands digit of 2192?
2
What is the units digit of 15206?
6
What is the units digit of 54332?
2
What is the hundreds digit of 35835?
8
What is the ten thousands digit of 34591?
3
What is the thousands digit of 15349?
5
What is the units digit of 21760?
0
What is the thousands digit of 1593?
1
What is the hundreds digit of 576?
5
What is the thousands digit of 1684?
1
What is the tens digit of 2575?
7
What is the hundreds digit of 83779?
7
What is the hundreds digit of 427?
4
What is the units digit of 1077?
7
What is the ten thousands digit of 19376?
1
What is the tens digit of 246?
4
What is the units digit of 526?
6
What is the tens digit of 736?
3
What is the tens digit of 37957?
5
What is the hundreds digit of 3567?
5
What is the hundreds digit of 1465?
4
What is the thousands digit of 172490?
2
What is the hundreds digit of 57468?
4
What is the hundred thousands digit of 183089?
1
What is the ten thousands digit of 11569?
1
What is the units digit of 78353?
3
What is the tens digit of 3317?
1
What is the units digit of 9450?
0
What is the tens digit of 2153?
5
What is the tens digit of 29514?
1
What is the ten thousands digit of 106297?
0
What is the units digit of 7?
7
What is the units digit of 3680?
0
What is the thousands digit of 8318?
8
What is the thousands digit of 2989?
2
What is the units digit of 8410?
0
What is the tens digit of 15516?
1
What is the hundreds digit of 7956?
9
What is the thousands digit of 7205?
7
What is the units digit of 186?
6
What is the units digit of 15689?
9
What is the hundreds digit of 2680?
6
What is the units digit of 486?
6
What is the ten thousands digit of 22102?
2
What is the units digit of 8190?
0
What is the tens digit of 3009?
0
What is the tens digit of 3028?
2
What is the thousands digit of 7376?
7
What is the ten thousands digit of 14903?
1
What is the thousands digit of 61678?
1
What is the tens digit of 429?
2
What is the hundreds digit of 13710?
7
What is the tens digit of 26969?
6
What is the tens digit of 3013?
1
What is the hundreds digit of 497?
4
What is the thousands digit of 7537?
7
What is the units digit of 2860?
0
What is the units digit of 462?
2
What is the hundreds digit of 35791?
7
What is the tens digit of 7485?
8
What is the hundreds digit of 1491?
4
What is the units digit of 9741?
1
What is the thousands digit of 15332?
5
What is the hundreds digit of 12921?
9
What is the units digit of 1158?
8
What is the units digit of 31859?
9
What is the hundreds digit of 1807?
8
What is the hundreds digit of 176?
1
What is the hundreds digit of 12487?
4
What is the tens digit of 9649?
4
What is the units digit of 556?
6
What is the tens digit of 348?
4
What is the units digit of 1064?
4
What is the units digit of 3183?
3
What is the hundreds digit of 3121?
1
What is the units digit of 147056?
6
What is the thousands digit of 11265?
1
What is the thousands digit of 2371?
2
What is the thousands digit of 33401?
3
What is the tens digit of 346?
4
What is the tens digit of 10?
1
What is the units digit of 38455?
5
What is the tens digit of 60025?
2
What is the tens digit of 19968?
6
What is the hundreds digit of 1280?
2
What is the tens digit of 1930?
3
What is the tens digit of 5300?
0
What is the tens digit of 2276?
7
What is the hundreds digit of 33369?
3
What is the hundreds digit of 1302?
3
What is the hundreds digit of 7459?
4
What is the hundreds digit of 5900?
9
What is the tens digit of 41977?
7
What is the units digit of 6802?
2
What is the tens digit of 397?
9
What is the units digit of 23818?
8
What is the thousands digit of 97009?
7
What is the tens digit of 820?
2
What is the hundreds digit of 3912?
9
What is the thousands digit of 27074?
7
What is the units digit of 727?
7
What is the thousands digit of 1624?
1
What is the units digit of 18520?
0
What is the hundreds digit of 595?
5
What is the hundreds digit of 411?
4
What is the tens digit of 68?
6
What is the units digit of 385?
5
What is the tens digit of 3161?
6
What is the units digit of 1815?
5
What is the tens digit of 80344?
4
What is the hundreds digit of 58703?
7
What is the units digit of 607?
7
What is the hundreds digit of 291?
2
What is the thousands digit of 30183?
0
What is the tens digit of 5232?
3
What is the hundreds digit of 2559?
5
What is the units digit of 4769?
9
What is the units digit of 1949?
9
What is the tens digit of 4456?
5
What is the tens digit of 7402?
0
What is the units digit of 2320?
0
What is the thousands digit of 1653?
1
What is the units digit of 1472?
2
What is the tens digit of 16074?
7
What is the units digit of 23219?
9
What is the thousands digit of 3342?
3
What is the thousands digit of 2494?
2
What is the hundreds digit of 1007?
0
What is the hundreds digit of 5106?
1
What is the ten thousands digit of 16756?
1
What is the tens digit of 48500?
0
What is the tens digit of 2747?
4
What is the tens digit of 2546?
4
What is the thousands digit of 4616?
4
What is the thousands digit of 1766?
1
What is the hundreds digit of 16533?
5
What is the hundreds digit of 5131?
1
What is the thousands digit of 2181?
2
What is the hundreds digit of 3123?
1
What is the hundreds digit of 690?
6
What is the ten thousands digit of 95606?
9
What is the tens digit of 684?
8
What is the units digit of 777?
7
What is the ten thousands digit of 17184?
1
What is the units digit of 2893?
3
What is the thousands digit of 33504?
3
What is the tens digit of 3427?
2
What is the tens digit of 678?
7
What is the units digit of 310?
0
What is the thousands digit of 7135?
7
What is the units digit of 3739?
9
What is the units digit of 1785?
5
What is the thousands digit of 45412?
5
What is the thousands digit of 1421?
1
What is the units digit of 3669?
9
What is the tens digit of 61565?
6
What is the tens digit of 1340?
4
What is the ten thousands digit of 65983?
6
What is the tens digit of 1752?
5
What is the ten thousands digit of 40834?
4
What is the tens digit of 15607?
0
What is the units digit of 362?
2
What is the hundreds digit of 5047?
0
What is the units digit of 3060?
0
What is the tens digit of 3434?
3
What is the units digit of 9396?
6
What is the hundreds digit of 4124?
1
What is the ten thousands digit of 58152?
5
What is the tens digit of 30743?
4
What is the hundreds digit of 2053?
0
What is the hundreds digit of 8918?
9
What is the tens digit of 848?
4
What is the tens digit of 313?
1
What is the thousands digit of 67705?
7
What is the thousands digit of 18423?
8
What is the tens digit of 25695?
9
What is the ten thousands digit of 42560?
4
What is the thousands digit of 33934?
3
What is the hundreds digit of 21091?
0
What is the units digit of 162?
2
What is the ten thousands digit of 80713?
8
What is the thousands digit of 1269?
1
What is the thousands digit of 35343?
5
What is the units digit of 87205?
5
What is the units digit of 8005?
5
What is the thousands digit of 92218?
2
What is the ten thousands digit of 16228?
1
What is the thousands digit of 10714?
0
What is the units digit of 7037?
7
What is the thousands digit of 3615?
3
What is the hundreds digit of 7313?
3
What is the units digit of 17957?
7
What is the thousands digit of 5848?
5
What is the thousands digit of 17272?
7
What is the tens digit of 1205?
0
What is the hundreds digit of 27306?
3
What is the hundreds digit of 41088?
0
What is the thousands digit of 10295?
0
What is the hundreds digit of 6182?
1
What is the ten thousa